{"id":56,"date":"2011-02-14T15:28:44","date_gmt":"2011-02-14T14:28:44","guid":{"rendered":"https:\/\/backup-ns-eu.sb0.xyz\/index.php\/"},"modified":"2011-03-02T18:12:34","modified_gmt":"2011-03-02T17:12:34","slug":"kdo-jsme","status":"publish","type":"page","link":"https:\/\/backup-ns-eu.sb0.xyz\/index.php\/o-nas\/kdo-jsme\/","title":{"rendered":"Kdo jsme"},"content":{"rendered":"<p>N\u011bkolik let spolupracovala skupinka p\u0159\u00e1tel Karla Dr\u00e1bka na r\u016fzn\u00fdch aktivit\u00e1ch t\u00fdkaj\u00edc\u00edch se nau\u010dn\u00fdch stezek. Karel Dr\u00e1bek ji\u017e dlouho realizuje sv\u016fj projekt, kdy mapuje postupn\u011b v\u0161echny zn\u00e1m\u00e9 nau\u010dn\u00e9 stezky a systematicky o nich shroma\u017e\u010fuje  a prezentuje informace. Prvn\u00edm v\u00fdznamn\u00fdm v\u00fdstupem jeho pr\u00e1ce bylo vytvo\u0159en\u00ed webov\u00e9 str\u00e1nky stezka.cz. a n\u00e1sledn\u011b pak vyd\u00e1n\u00ed publikace Nau\u010dn\u00e9 stezky a trasy &#8211; Praha a St\u0159edo\u010desk\u00fd kraj. Zde tak\u00e9 za\u010dala spolupr\u00e1ce s Alenou \u0160\u0165ov\u00ed\u010dkovou, kter\u00e1 pro tuto publikaci p\u0159ipravovala mapov\u00e9 podklady. N\u00e1sledn\u011b se p\u0159idali ke spolupr\u00e1ci i dal\u0161\u00ed lid\u00e9 a \u010dinnost se rozv\u00edjela \u2013 byl uspo\u0159\u00e1d\u00e1n semin\u00e1\u0159 pro st\u0159edo\u010desk\u00e9 nevl\u00e1dn\u00ed organizace a obce, Karel Dr\u00e1bek vydal dva dal\u0161\u00ed d\u00edly publikac\u00ed Nau\u010dn\u00e9 stezky \u2013 pro Jiho\u010desk\u00fd kraj a spole\u010dn\u011b pro Plze\u0148sk\u00fd a Karlovarsk\u00fd kraj , dal\u0161\u00ed d\u00edly jsou p\u0159ipraveny v rukopise nebo rozpracov\u00e1ny.<\/p>\n<p>V l\u00e9t\u011b 2010 se lid\u00e9 pracuj\u00edc\u00ed na t\u011bchto projektech na jedn\u00e9 sv\u00e9 vych\u00e1zce do p\u0159\u00edrody rozhodli zalo\u017eit vlastn\u00ed z\u00e1kladn\u00ed organizaci \u010cSOP. Tak tedy vznikla ZO \u010cSOP Nau\u010dn\u00e9 stezky \u010cR.<\/p>\n","protected":false},"excerpt":{"rendered":"<p>N\u011bkolik let spolupracovala skupinka p\u0159\u00e1tel Karla Dr\u00e1bka na r\u016fzn\u00fdch aktivit\u00e1ch t\u00fdkaj\u00edc\u00edch se nau\u010dn\u00fdch stezek. Karel Dr\u00e1bek ji\u017e dlouho realizuje sv\u016fj projekt, kdy mapuje postupn\u011b v\u0161echny zn\u00e1m\u00e9 nau\u010dn\u00e9 stezky a systematicky o nich shroma\u017e\u010fuje a prezentuje informace. Prvn\u00edm v\u00fdznamn\u00fdm v\u00fdstupem jeho &hellip; <a href=\"https:\/\/backup-ns-eu.sb0.xyz\/index.php\/o-nas\/kdo-jsme\/\">Cel\u00fd p\u0159\u00edsp\u011bvek <span class=\"meta-nav\">&rarr;<\/span><\/a><\/p>\n","protected":false},"author":1,"featured_media":0,"parent":2,"menu_order":10,"comment_status":"closed","ping_status":"closed","template":"","meta":{"footnotes":""},"class_list":["post-56","page","type-page","status-publish","hentry"],"_links":{"self":[{"href":"https:\/\/backup-ns-eu.sb0.xyz\/index.php\/wp-json\/wp\/v2\/pages\/56","targetHints":{"allow":["GET"]}}],"collection":[{"href":"https:\/\/backup-ns-eu.sb0.xyz\/index.php\/wp-json\/wp\/v2\/pages"}],"about":[{"href":"https:\/\/backup-ns-eu.sb0.xyz\/index.php\/wp-json\/wp\/v2\/types\/page"}],"author":[{"embeddable":true,"href":"https:\/\/backup-ns-eu.sb0.xyz\/index.php\/wp-json\/wp\/v2\/users\/1"}],"replies":[{"embeddable":true,"href":"https:\/\/backup-ns-eu.sb0.xyz\/index.php\/wp-json\/wp\/v2\/comments?post=56"}],"version-history":[{"count":5,"href":"https:\/\/backup-ns-eu.sb0.xyz\/index.php\/wp-json\/wp\/v2\/pages\/56\/revisions"}],"predecessor-version":[{"id":154,"href":"https:\/\/backup-ns-eu.sb0.xyz\/index.php\/wp-json\/wp\/v2\/pages\/56\/revisions\/154"}],"up":[{"embeddable":true,"href":"https:\/\/backup-ns-eu.sb0.xyz\/index.php\/wp-json\/wp\/v2\/pages\/2"}],"wp:attachment":[{"href":"https:\/\/backup-ns-eu.sb0.xyz\/index.php\/wp-json\/wp\/v2\/media?parent=56"}],"curies":[{"name":"wp","href":"https:\/\/api.w.org\/{rel}","templated":true}]}}