{"id":2,"date":"2010-11-04T00:06:38","date_gmt":"2010-11-03T23:06:38","guid":{"rendered":"https:\/\/backup-ns-eu.sb0.xyz\/?page_id=2"},"modified":"2013-10-08T23:09:28","modified_gmt":"2013-10-08T22:09:28","slug":"o-nas","status":"publish","type":"page","link":"https:\/\/backup-ns-eu.sb0.xyz\/index.php\/o-nas\/","title":{"rendered":"O n\u00e1s"},"content":{"rendered":"<p>Hlavn\u00ed \u010dinnost\u00ed sdru\u017een\u00ed \u010cSOP Nau\u010dn\u00e9 stezky \u010cR je systematicky se v\u011bnovat mapov\u00e1n\u00ed nau\u010dn\u00fdch stezek. V\u00edce informac\u00ed o n\u00e1s naleznete pod odkazy n\u00ed\u017ee:<\/p>\n<ul>\n<li><a title=\"Kdo jsme\" href=\"kdo-jsme\">Kdo jsme<\/a><\/li>\n<li><a title=\"Kontakty na n\u00e1s\" href=\"kontakty\">Kontakt<\/a><\/li>\n<\/ul>\n","protected":false},"excerpt":{"rendered":"<p>Hlavn\u00ed \u010dinnost\u00ed sdru\u017een\u00ed \u010cSOP Nau\u010dn\u00e9 stezky \u010cR je systematicky se v\u011bnovat mapov\u00e1n\u00ed nau\u010dn\u00fdch stezek. V\u00edce informac\u00ed o n\u00e1s naleznete pod odkazy n\u00ed\u017ee: Kdo jsme Kontakt<\/p>\n","protected":false},"author":3,"featured_media":0,"parent":0,"menu_order":40,"comment_status":"closed","ping_status":"closed","template":"","meta":{"footnotes":""},"class_list":["post-2","page","type-page","status-publish","hentry"],"_links":{"self":[{"href":"https:\/\/backup-ns-eu.sb0.xyz\/index.php\/wp-json\/wp\/v2\/pages\/2","targetHints":{"allow":["GET"]}}],"collection":[{"href":"https:\/\/backup-ns-eu.sb0.xyz\/index.php\/wp-json\/wp\/v2\/pages"}],"about":[{"href":"https:\/\/backup-ns-eu.sb0.xyz\/index.php\/wp-json\/wp\/v2\/types\/page"}],"author":[{"embeddable":true,"href":"https:\/\/backup-ns-eu.sb0.xyz\/index.php\/wp-json\/wp\/v2\/users\/3"}],"replies":[{"embeddable":true,"href":"https:\/\/backup-ns-eu.sb0.xyz\/index.php\/wp-json\/wp\/v2\/comments?post=2"}],"version-history":[{"count":13,"href":"https:\/\/backup-ns-eu.sb0.xyz\/index.php\/wp-json\/wp\/v2\/pages\/2\/revisions"}],"predecessor-version":[{"id":10,"href":"https:\/\/backup-ns-eu.sb0.xyz\/index.php\/wp-json\/wp\/v2\/pages\/2\/revisions\/10"}],"wp:attachment":[{"href":"https:\/\/backup-ns-eu.sb0.xyz\/index.php\/wp-json\/wp\/v2\/media?parent=2"}],"curies":[{"name":"wp","href":"https:\/\/api.w.org\/{rel}","templated":true}]}}